{"id":1282,"date":"2017-02-10T10:52:50","date_gmt":"2017-02-10T09:52:50","guid":{"rendered":"http:\/\/ccpics.de\/16\/?page_id=1282"},"modified":"2019-08-27T16:07:16","modified_gmt":"2019-08-27T14:07:16","slug":"impressum","status":"publish","type":"page","link":"https:\/\/www.ccpics.de\/2018\/impressum\/","title":{"rendered":"Impressum"},"content":{"rendered":"<div class=\"fusion-fullwidth fullwidth-box fusion-builder-row-1 nonhundred-percent-fullwidth non-hundred-percent-height-scrolling\" style=\"background-color: rgba(255,255,255,0);background-position: left top;background-repeat: no-repeat;padding-top:0px;padding-right:0px;padding-bottom:50px;padding-left:0px;margin-bottom: 0px;margin-top: 0px;border-width: 0px 0px 0px 0px;border-color:#eae9e9;border-style:solid;\" ><div class=\"fusion-builder-row fusion-row\"><div class=\"fusion-layout-column fusion_builder_column fusion-builder-column-0 fusion_builder_column_1_1 1_1 fusion-one-full fusion-column-first fusion-column-last fusion-column-no-min-height\" style=\"margin-top:0px;margin-bottom:0px;\"><div class=\"fusion-column-wrapper fusion-flex-column-wrapper-legacy\" style=\"background-position:left top;background-repeat:no-repeat;-webkit-background-size:cover;-moz-background-size:cover;-o-background-size:cover;background-size:cover;padding: 0px 0px 0px 0px;\"><div class=\"fusion-sep-clear\"><\/div><div class=\"fusion-separator\" style=\"margin-left: auto;margin-right: auto;margin-top:5px;margin-bottom:45px;width:100%;max-width:200px;\"><div class=\"fusion-separator-border sep-single sep-solid\" style=\"border-color:#e0e0e0;border-top-width:1px;\"><\/div><\/div><div class=\"fusion-sep-clear\"><\/div><div class=\"fusion-text fusion-text-1\"><h1>Impressum<\/h1>\n<p>Angaben gem\u00e4\u00df \u00a7 5 TMG<\/p>\n<p>Carsten Riedel<br \/>\nccpics<br \/>\nAm Wiesengrund 26<br \/>\n63456 Hanau<\/p>\n<h2>Kontakt<\/h2>\n<p>Telefon: 0163 2433963<br \/>\nE-Mail: carsten.riedel @ t-online.de<br \/>\nInternetadresse: <a href=\"http:\/\/www.ccpics.de\/\" target=\"_blank\" rel=\"noopener noreferrer\">www.ccpics.de<\/a><\/p>\n<h2>Umsatzsteuer-ID<\/h2>\n<p>Umsatzsteuer-Identifikationsnummer gem\u00e4\u00df \u00a727 a Umsatzsteuergesetz<\/p>\n<p>022 468 01416<\/p>\n<h2>Haftungsausschluss<\/h2>\n<p>Haftung f\u00fcr Inhalte<br \/>\nDie Inhalte unserer Seiten wurden mit gr\u00f6\u00dfter Sorgfalt erstellt. F\u00fcr die Richtigkeit, Vollst\u00e4ndigkeit und Aktualit\u00e4t der Inhalte k\u00f6nnen wir jedoch keine Gew\u00e4hr \u00fcbernehmen. Als Diensteanbieter sind wir gem\u00e4\u00df \u00a7 7 Abs.1 TMG f\u00fcr eigene Inhalte auf diesen Seiten nach den allgemeinen Gesetzen verantwortlich. Nach \u00a7\u00a7 8 bis 10 TMG sind wir als Diensteanbieter jedoch nicht verpflichtet, \u00fcbermittelte oder gespeicherte fremde Informationen zu \u00fcberwachen oder nach Umst\u00e4nden zu forschen, die auf eine rechtswidrige T\u00e4tigkeit hinweisen. Verpflichtungen zur Entfernung oder Sperrung der Nutzung von Informationen nach den allgemeinen Gesetzen bleiben hiervon unber\u00fchrt. Eine diesbez\u00fcgliche Haftung ist jedoch erst ab dem Zeitpunkt der Kenntnis einer konkreten Rechtsverletzung m\u00f6glich. Bei Bekanntwerden von entsprechenden Rechtsverletzungen werden wir diese Inhalte umgehend entfernen.<\/p>\n<p>Haftung f\u00fcr Links<br \/>\nUnser Angebot enth\u00e4lt Links zu externen Webseiten Dritter, auf deren Inhalte wir keinen Einfluss haben. Deshalb k\u00f6nnen wir f\u00fcr diese fremden Inhalte auch keine Gew\u00e4hr \u00fcbernehmen. F\u00fcr die Inhalte der verlinkten Seiten ist stets der jeweilige Anbieter oder Betreiber der Seiten verantwortlich. Die verlinkten Seiten wurden zum Zeitpunkt der Verlinkung auf m\u00f6gliche Rechtsverst\u00f6\u00dfe \u00fcberpr\u00fcft. Rechtswidrige Inhalte waren zum Zeitpunkt der Verlinkung nicht erkennbar. Eine permanente inhaltliche Kontrolle der verlinkten Seiten ist jedoch ohne konkrete Anhaltspunkte einer Rechtsverletzung nicht zumutbar. Bei Bekanntwerden von Rechtsverletzungen werden wir derartige Links umgehend entfernen.<\/p>\n<p>Urheberrecht<br \/>\nDie durch die Seitenbetreiber erstellten bzw. verwendeten Inhalte und Werke auf diesen Seiten unterliegen dem deutschen Urheberrecht. Die Vervielf\u00e4ltigung, Bearbeitung, Verbreitung und jede Art der Verwertung au\u00dferhalb der Grenzen des Urheberrechtes bed\u00fcrfen der Zustimmung des jeweiligen Autors bzw. Erstellers. Downloads und Kopien dieser Seite sind nur f\u00fcr den privaten, nicht kommerziellen Gebrauch gestattet. Soweit die Inhalte auf dieser Seite nicht vom Betreiber erstellt wurden, werden die Urheberrechte Dritter beachtet. Insbesondere werden Inhalte Dritter als solche gekennzeichnet. Sollten Sie trotzdem auf eine Urheberrechtsverletzung aufmerksam werden, bitten wir um einen entsprechenden Hinweis. Bei Bekanntwerden von Rechtsverletzungen werden wir derartige Inhalte umgehend entfernen.<\/p>\n<\/div><div class=\"fusion-clearfix\"><\/div><\/div><\/div><\/div><\/div>\n","protected":false},"excerpt":{"rendered":"","protected":false},"author":1,"featured_media":0,"parent":0,"menu_order":0,"comment_status":"closed","ping_status":"closed","template":"100-width.php","meta":{"footnotes":""},"class_list":["post-1282","page","type-page","status-publish","hentry"],"yoast_head":"<!-- This site is optimized with the Yoast SEO plugin v27.5 - https:\/\/yoast.com\/product\/yoast-seo-wordpress\/ -->\n<title>Impressum - ccpics<\/title>\n<meta name=\"robots\" content=\"index, follow, max-snippet:-1, max-image-preview:large, max-video-preview:-1\" \/>\n<link rel=\"canonical\" href=\"https:\/\/www.ccpics.de\/2018\/impressum\/\" \/>\n<meta name=\"twitter:card\" content=\"summary_large_image\" \/>\n<meta name=\"twitter:title\" content=\"Impressum - ccpics\" \/>\n<meta name=\"twitter:label1\" content=\"Gesch\u00e4tzte Lesezeit\" \/>\n\t<meta name=\"twitter:data1\" content=\"3\u00a0Minuten\" \/>\n<script type=\"application\/ld+json\" class=\"yoast-schema-graph\">{\"@context\":\"https:\\\/\\\/schema.org\",\"@graph\":[{\"@type\":\"WebPage\",\"@id\":\"https:\\\/\\\/www.ccpics.de\\\/2018\\\/impressum\\\/\",\"url\":\"https:\\\/\\\/www.ccpics.de\\\/2018\\\/impressum\\\/\",\"name\":\"Impressum - ccpics\",\"isPartOf\":{\"@id\":\"https:\\\/\\\/www.ccpics.de\\\/2018\\\/#website\"},\"datePublished\":\"2017-02-10T09:52:50+00:00\",\"dateModified\":\"2019-08-27T14:07:16+00:00\",\"breadcrumb\":{\"@id\":\"https:\\\/\\\/www.ccpics.de\\\/2018\\\/impressum\\\/#breadcrumb\"},\"inLanguage\":\"de\",\"potentialAction\":[{\"@type\":\"ReadAction\",\"target\":[\"https:\\\/\\\/www.ccpics.de\\\/2018\\\/impressum\\\/\"]}]},{\"@type\":\"BreadcrumbList\",\"@id\":\"https:\\\/\\\/www.ccpics.de\\\/2018\\\/impressum\\\/#breadcrumb\",\"itemListElement\":[{\"@type\":\"ListItem\",\"position\":1,\"name\":\"Startseite\",\"item\":\"https:\\\/\\\/www.ccpics.de\\\/2018\\\/\"},{\"@type\":\"ListItem\",\"position\":2,\"name\":\"Impressum\"}]},{\"@type\":\"WebSite\",\"@id\":\"https:\\\/\\\/www.ccpics.de\\\/2018\\\/#website\",\"url\":\"https:\\\/\\\/www.ccpics.de\\\/2018\\\/\",\"name\":\"ccpics\",\"description\":\"www.ccpics.de\",\"publisher\":{\"@id\":\"https:\\\/\\\/www.ccpics.de\\\/2018\\\/#organization\"},\"potentialAction\":[{\"@type\":\"SearchAction\",\"target\":{\"@type\":\"EntryPoint\",\"urlTemplate\":\"https:\\\/\\\/www.ccpics.de\\\/2018\\\/?s={search_term_string}\"},\"query-input\":{\"@type\":\"PropertyValueSpecification\",\"valueRequired\":true,\"valueName\":\"search_term_string\"}}],\"inLanguage\":\"de\"},{\"@type\":\"Organization\",\"@id\":\"https:\\\/\\\/www.ccpics.de\\\/2018\\\/#organization\",\"name\":\"ccpics\",\"url\":\"https:\\\/\\\/www.ccpics.de\\\/2018\\\/\",\"logo\":{\"@type\":\"ImageObject\",\"inLanguage\":\"de\",\"@id\":\"https:\\\/\\\/www.ccpics.de\\\/2018\\\/#\\\/schema\\\/logo\\\/image\\\/\",\"url\":\"https:\\\/\\\/www.ccpics.de\\\/2018\\\/wp-content\\\/uploads\\\/2022\\\/03\\\/ccpics-Background.jpg\",\"contentUrl\":\"https:\\\/\\\/www.ccpics.de\\\/2018\\\/wp-content\\\/uploads\\\/2022\\\/03\\\/ccpics-Background.jpg\",\"width\":1344,\"height\":900,\"caption\":\"ccpics\"},\"image\":{\"@id\":\"https:\\\/\\\/www.ccpics.de\\\/2018\\\/#\\\/schema\\\/logo\\\/image\\\/\"},\"sameAs\":[\"https:\\\/\\\/www.facebook.com\\\/CCPICSphotography\\\/\",\"https:\\\/\\\/www.instagram.com\\\/ccpicsmobile\\\/\"]}]}<\/script>\n<!-- \/ Yoast SEO plugin. -->","yoast_head_json":{"title":"Impressum - ccpics","robots":{"index":"index","follow":"follow","max-snippet":"max-snippet:-1","max-image-preview":"max-image-preview:large","max-video-preview":"max-video-preview:-1"},"canonical":"https:\/\/www.ccpics.de\/2018\/impressum\/","twitter_card":"summary_large_image","twitter_title":"Impressum - ccpics","twitter_misc":{"Gesch\u00e4tzte Lesezeit":"3\u00a0Minuten"},"schema":{"@context":"https:\/\/schema.org","@graph":[{"@type":"WebPage","@id":"https:\/\/www.ccpics.de\/2018\/impressum\/","url":"https:\/\/www.ccpics.de\/2018\/impressum\/","name":"Impressum - ccpics","isPartOf":{"@id":"https:\/\/www.ccpics.de\/2018\/#website"},"datePublished":"2017-02-10T09:52:50+00:00","dateModified":"2019-08-27T14:07:16+00:00","breadcrumb":{"@id":"https:\/\/www.ccpics.de\/2018\/impressum\/#breadcrumb"},"inLanguage":"de","potentialAction":[{"@type":"ReadAction","target":["https:\/\/www.ccpics.de\/2018\/impressum\/"]}]},{"@type":"BreadcrumbList","@id":"https:\/\/www.ccpics.de\/2018\/impressum\/#breadcrumb","itemListElement":[{"@type":"ListItem","position":1,"name":"Startseite","item":"https:\/\/www.ccpics.de\/2018\/"},{"@type":"ListItem","position":2,"name":"Impressum"}]},{"@type":"WebSite","@id":"https:\/\/www.ccpics.de\/2018\/#website","url":"https:\/\/www.ccpics.de\/2018\/","name":"ccpics","description":"www.ccpics.de","publisher":{"@id":"https:\/\/www.ccpics.de\/2018\/#organization"},"potentialAction":[{"@type":"SearchAction","target":{"@type":"EntryPoint","urlTemplate":"https:\/\/www.ccpics.de\/2018\/?s={search_term_string}"},"query-input":{"@type":"PropertyValueSpecification","valueRequired":true,"valueName":"search_term_string"}}],"inLanguage":"de"},{"@type":"Organization","@id":"https:\/\/www.ccpics.de\/2018\/#organization","name":"ccpics","url":"https:\/\/www.ccpics.de\/2018\/","logo":{"@type":"ImageObject","inLanguage":"de","@id":"https:\/\/www.ccpics.de\/2018\/#\/schema\/logo\/image\/","url":"https:\/\/www.ccpics.de\/2018\/wp-content\/uploads\/2022\/03\/ccpics-Background.jpg","contentUrl":"https:\/\/www.ccpics.de\/2018\/wp-content\/uploads\/2022\/03\/ccpics-Background.jpg","width":1344,"height":900,"caption":"ccpics"},"image":{"@id":"https:\/\/www.ccpics.de\/2018\/#\/schema\/logo\/image\/"},"sameAs":["https:\/\/www.facebook.com\/CCPICSphotography\/","https:\/\/www.instagram.com\/ccpicsmobile\/"]}]}},"_links":{"self":[{"href":"https:\/\/www.ccpics.de\/2018\/wp-json\/wp\/v2\/pages\/1282","targetHints":{"allow":["GET"]}}],"collection":[{"href":"https:\/\/www.ccpics.de\/2018\/wp-json\/wp\/v2\/pages"}],"about":[{"href":"https:\/\/www.ccpics.de\/2018\/wp-json\/wp\/v2\/types\/page"}],"author":[{"embeddable":true,"href":"https:\/\/www.ccpics.de\/2018\/wp-json\/wp\/v2\/users\/1"}],"replies":[{"embeddable":true,"href":"https:\/\/www.ccpics.de\/2018\/wp-json\/wp\/v2\/comments?post=1282"}],"version-history":[{"count":2,"href":"https:\/\/www.ccpics.de\/2018\/wp-json\/wp\/v2\/pages\/1282\/revisions"}],"predecessor-version":[{"id":1768,"href":"https:\/\/www.ccpics.de\/2018\/wp-json\/wp\/v2\/pages\/1282\/revisions\/1768"}],"wp:attachment":[{"href":"https:\/\/www.ccpics.de\/2018\/wp-json\/wp\/v2\/media?parent=1282"}],"curies":[{"name":"wp","href":"https:\/\/api.w.org\/{rel}","templated":true}]}}